of o.
2, 13, 29
Let y(v) = 38*v**3 + 8*v**2 + 17*v + 1. What are the prime factors of y(7)?
2, 13, 521
Let d(t) = -22*t**2 - 25*t + 18. Let i(v) = 2*v**2 - v. Let q(n) = -d(n) - 3*i(n). List the prime factors of q(6).
2, 3, 11
What are the prime factors of 2112/(-5 - 11)*1858/(-4)?
2, 3, 11, 929
Suppose -24*y + 8*y - 3600 = 0. Let r = -180 - y. What are the prime factors of r?
3, 5
Let m = 9406 + -1055. List the prime factors of m.
7, 1193
Let z(g) = g**3 - 3*g**2 + 14*g - 4. Let b be z(4). Suppose -b = -p + 4*r, -3*p + 6*p - 2*r = 254. List the prime factors of p.
2, 11
Let y = 2880 + 3535. What are the prime factors of y?
5, 1283
Let c = 13 + 2. Suppose -241 = c*o - 16*o. List the prime factors of o.
241
Let u(q) = q**3 + 32*q**2 + 29*q - 70. Let j be u(-31). List the prime factors of 652 - 7 - (2 + j).
3, 7, 31
Let h be (15/(-10))/(2/1048). Let y = -545 - h. List the prime factors of y.
241
Let u(a) = -2032*a + 233. List the prime factors of u(-1).
3, 5, 151
Let l(o) be the third derivative of o**4/2 + 175*o**3/6 + 54*o**2 + o. What are the prime factors of l(39)?
643
Let l(q) = -147*q - 18. Let h be l(-7). Let s be 15/40 + h/(-8). Let k = s + 160. What are the prime factors of k?
2, 17
Suppose -28 = -8*q + q. Suppose -7*o + 75 = -q*o. Let k = o + 28. What are the prime factors of k?
53
Let m(n) = 2507*n + 2344. What are the prime factors of m(6)?
2, 8693
Let l(p) = -15*p - 203. Let s be l(-16). Suppose 12*c = -s*c + 15533. What are the prime factors of c?
317
Let z(y) = 24*y**2 - 7*y - 21. Let m = 70 + -73. Let o be z(m). Suppose -3*c + o = 2*w, -3*c = 4*w - c - 416. List the prime factors of w.
2, 3, 17
What are the prime factors of 12 - -4500 - 11 - 3/(-1)?
2, 563
Suppose -2*f + 68114 = 86*q - 82*q, 5*q = -f + 34066. List the prime factors of f.
17, 2003
Let y be ((-10)/(-6))/((-75)/(-270)). Let w be y/(-24) + 27/12. Let t(c) = 15*c. What are the prime factors of t(w)?
2, 3, 5
Suppose 2*b - 5*r - 26 = 0, -3*b - 2*r = -3 + 2. Suppose b*s = 895 + 446. List the prime factors of s.
3, 149
Let o(y) = 9*y - 3*y**3 + 4*y**3 + 3 - 3*y - 6*y**2 - 8. Let s be o(5). Suppose s*g + 147 = 4*g - 3*l, g = 3*l + 48. List the prime factors of g.
3, 11
List the prime factors of 1950/40*(-2400)/(-72).
5, 13
Let c be (-18 + 17)*(-8 - -1). Let d = 40 - c. List the prime factors of ((-18)/2)/((-69)/d + 2).
3, 11
Let z(u) = -2*u**2 + 30*u + 15. Let c be ((-94)/4 - -1)*2/(-3). Let q be z(c). List the prime factors of (q/5 + -4)*-19.
19
Suppose -4*f = -5*l - 11, 4*l + 20*f = 16*f + 20. Suppose -4*t - 5*m + 2795 = 0, 2 + l = -3*m. What are the prime factors of t?
2, 5, 7
Let k = -7002 + 10691. Suppose -102*u - k = -109*u. What are the prime factors of u?
17, 31
What are the prime factors of 39/((-39)/(-8))*3242/4?
2, 1621
Let a = 54381 + -25105. What are the prime factors of a?
2, 13, 563
Let w = 28359 + -19372. What are the prime factors of w?
11, 19, 43
Suppose -y - 4*y = -b - 61, 2*b = 4*y - 50. Let p = y + -17. What are the prime factors of (-24)/7*p/10*14?
2, 3
Suppose -4*f + 20*f = 141424. What are the prime factors of f?
8839
Let j = 20 + -44. What are the prime factors of (-684)/j + 2 + (-2)/4?
2, 3, 5
Let v = -396 + 306. List the prime factors of (38 + 1)/(v/(-2070)).
3, 13, 23
Let r = -44388 - -96985. List the prime factors of r.
149, 353
Let j(d) = -18*d**2 - 5 + 7*d**2 + 13*d**2 + 2 - 10*d**3 - 2*d. What are the prime factors of j(-2)?
89
Let z(l) = -1343*l + 380. What are the prime factors of z(-6)?
2, 4219
Let v = -1578 - -629. Let a = 2151 + v. What are the prime factors of a?
2, 601
Let p(q) = 3*q**2 - 169*q + 1050. What are the prime factors of p(73)?
2, 5, 47
Let q = 809 + -435. Let s = q - 11. What are the prime factors of s?
3, 11
Let a = 77 - 74. Let w(j) = -231*j**2 - 10*j + 24. Let g be w(a). List the prime factors of 4/12 - (g/(-9))/(-1).
2, 29
Suppose -49*s = -42049 - 330890. List the prime factors of s.
3, 43, 59
Suppose 0 = -0*y - 13*y - 65. What are the prime factors of 1/(y + 6*1452/1742)?
13, 67
What are the prime factors of (-3616320)/(-75) + (-39)/15?
5, 9643
Suppose -274*g + 215*g = -608172. What are the prime factors of g?
2, 3, 859
Let i(r) = -r**3 - 48*r**2 - 21*r - 1493. List the prime factors of i(-57).
5, 7, 827
Let v(w) be the second derivative of -28*w**3/3 - 7*w**2/2 - 12*w. Let o(f) = 111*f + 15. Let p(z) = -2*o(z) - 5*v(z). What are the prime factors of p(1)?
3, 7
Let u = 11981 + -6344. What are the prime factors of u?
3, 1879
Let t(g) = 12*g + 87. Let y be t(-5). Suppose -12*m + 225 = -y. What are the prime factors of m?
3, 7
What are the prime factors of (-5)/50*-459845 + (-5)/(-2)?
3, 15329
Suppose -5*q - 27530 = -2*o, -2*o - 3*q + 8330 = -19216. What are the prime factors of o?
2, 3, 5, 17
Let a be ((-1 + -6)*1)/1. Let i be 4 - a/((-14)/8). Suppose i*h + 89 = h. What are the prime factors of h?
89
Let s = 23811 - 12271. List the prime factors of s.
2, 5, 577
Let t(n) = 36321*n**2 - 12*n - 6. List the prime factors of t(-1).
3, 12109
Let b(i) = -4*i + 314. Let w(u) = 7*u - 624. Let n(y) = -5*b(y) - 3*w(y). List the prime factors of n(45).
257
List the prime factors of (5 - 5 - -4)*54105/20.
3, 3607
Let n = 6 + 1. Suppose x - 3*x = 2*y - 2, x - 2*y = n. List the prime factors of x*11/(165/140).
2, 7
Let c be ((-4 + -36)/4)/(-2). Suppose -627 = -3*x + 3*z, -c*z = 2*x - 8*z - 415. List the prime factors of x.
2, 53
Suppose -u + 5*t = 3 - 7, 0 = -5*t. Let d be (-1)/6*u*-18. List the prime factors of d*(1 + 94/4).
2, 3, 7
Let d = 26567 + 5177. List the prime factors of d.
2, 31
Let q be (24/5 + -4)*5. Let n be q/(-6) + (-26)/(-39). Suppose -5*b + 3*o + 278 = n, -2*o - 113 = -2*b + o. List the prime factors of b.
5, 11
Let t = 12356 + -12347. Let s be 12/9*1*3. Suppose -t*g + 75 = -s*g. List the prime factors of g.
3, 5
What are the prime factors of (-1 - 20)*(-655716)/477?
2, 7, 1031
Let a = -2 + 7. List the prime factors of (-3 + a)*(-2270)/(-20).
227
Let g = 4491 + -2064. Suppose -5*s + 1273 = -g. What are the prime factors of s?
2, 5, 37
Let m = 5367 + -3446. List the prime factors of m.
17, 113
Suppose -5*a + 0*y + 695 = -5*y, -5*y - 25 = 0. Suppose -4*x + 670 = -5*z, -6*z - a = -5*z - 3*x. List the prime factors of -1 + -1 - z - 0.
2, 3, 11
Suppose -319*f + 1187784 = -76*f. List the prime factors of f.
2, 13, 47
What are the prime factors of (-198108)/(-21) - 62/(-217)?
2, 53, 89
Let z = 81 - 77. Suppose 2*n + 0 + 16 = s, -z*s = -4*n - 40. List the prime factors of (5 + -3)/6 - 370/n.
2, 31
Let i(q) = 7*q**3 - 366*q**2 + 50*q - 105. What are the prime factors of i(55)?
2, 3, 5, 167
Let j = 5025 - 2206. List the prime factors of j.
2819
Let i(w) = -w**3 + 8*w**2 + 21*w + 13. Let p be i(9). Let s = p - -51. Let o = s + -109. What are the prime factors of o?
3, 7
Suppose -40 + 42 = 2*i. Suppose -4*p - i = -29. Suppose -2*l = -4, -p = 2*s - l - 53. What are the prime factors of s?
2, 3
Let r = 53543 - 37855. List the prime factors of r.
2, 37, 53
List the prime factors of ((-45)/90)/((-2)/(-4))*-5431.
5431
Let k = 216 - 212. Suppose -1452 = -5*b - k*n, 65 + 525 = 2*b - 3*n. What are the prime factors of b?
2, 73
Suppose -390491 = -17*x - 3*y, -91888 = 13*x - 17*x - 2*y. List the prime factors of x.
103, 223
Let s(v) = 111*v + 2077. What are the prime factors of s(25)?
2, 1213
Let j(t) = -t**3 - 2. Let a be j(-2). What are the prime factors of (-10 + -8)/(2/((-64)/a))?
2, 3
Let i(z) = -8*z**2 + 833*z - 52. What are the prime factors of i(102)?
2, 29
Suppose -t + 4*t + 164 = -5*p, -2*t = -p + 92. Let l = t + 52. What are the prime factors of (954/45)/(l/10)?
53
List the prime factors of ((-196)/490)/(3/(-168780)).
2, 29, 97
Let a = -233 + 235. Let j(m) = 119*m - 17. What are the prime factors of j(a)?
13, 17
Let q(d) = -125*d + 1. Suppose 5*n = -b + 4*n + 13, 2*n = 3*b - 14. Let r be (-2)/(b/20*5). What are the prime factors of q(r)?
2, 3, 7
Let d(h) = 32*h - 573. Let c be d(18). Suppose 3*p + 11 = z, 3*z - p = 4*p + 49. Suppose -c*l + 188 = -b, z - 148 = -2*l + b. List the prime factors of l.
3, 7
Let o(t) = -13*t**3 + 4*t**2 - t. Let n be (12/(-36))/(1*1/9). List the prime factors of o(n).
2, 3, 5, 13
Suppose -2*o + 5*q - 495 = 0, -3*o = -4*o + q - 249. What are the prime factors of (-75)/o - 19491/(-30)?
2, 5, 13
Le